ase 11?
3
What is 27 (base 9) in base 5?
100
Convert -19 (base 16) to base 2.
-11001
What is -10 (base 2) in base 9?
-2
What is 11 (base 6) in base 16?
7
Convert -11 (base 4) to base 12.
-5
131 (base 4) to base 10
29
What is 8 (base 9) in base 6?
12
Convert -23 (base 7) to base 5.
-32
Convert 37 (base 8) to base 16.
1f
-2 (base 5) to base 4
-2
What is 44 (base 9) in base 3?
1111
What is -1 (base 15) in base 7?
-1
Convert -12 (base 9) to base 11.
-10
What is 103 (base 9) in base 14?
60
What is -8 (base 9) in base 5?
-13
Convert 10000 (base 2) to base 5.
31
Convert 25 (base 14) to base 2.
100001
Convert 111000 (base 2) to base 12.
48
Convert -5 (base 9) to base 8.
-5
Convert -5d (base 14) to base 10.
-83
Convert -11 (base 9) to base 8.
-12
4 (base 15) to base 12
4
-1101100 (base 2) to base 15
-73
Convert -1 (base 5) to base 3.
-1
What is -d (base 16) in base 15?
-d
Convert 11 (base 3) to base 7.
4
Convert -3 (base 6) to base 12.
-3
Convert 1 (base 12) to base 8.
1
What is 0 (base 4) in base 8?
0
3 (base 7) to base 6
3
-3133 (base 4) to base 11
-193
Convert 5b (base 13) to base 3.
2211
Convert 113 (base 4) to base 11.
21
What is -8 (base 14) in base 12?
-8
-81 (base 11) to base 13
-6b
Convert 2b (base 16) to base 9.
47
What is -22 (base 16) in base 14?
-26
-75 (base 13) to base 4
-1200
-102 (base 15) to base 9
-272
Convert 5 (base 9) to base 15.
5
What is -64 (base 7) in base 5?
-141
What is -23 (base 9) in base 13?
-18
What is 30 (base 10) in base 3?
1010
Convert -20 (base 9) to base 7.
-24
What is 3 (base 15) in base 11?
3
Convert 24 (base 5) to base 6.
22
What is 23 (base 16) in base 7?
50
-6a (base 14) to base 4
-1132
243 (base 5) to base 7
133
Convert -b8 (base 13) to base 14.
-ab
What is -12 (base 6) in base 12?
-8
Convert 3 (base 15) to base 13.
3
Convert -1 (base 11) to base 3.
-1
Convert -3 (base 8) to base 15.
-3
Convert 1a (base 12) to base 16.
16
What is -323 (base 4) in base 10?
-59
3a (base 16) to base 4
322
What is 6 (base 8) in base 4?
12
What is 110 (base 2) in base 7?
6
What is 4a (base 12) in base 10?
58
What is 22 (base 4) in base 13?
a
Convert -11 (base 5) to base 6.
-10
Convert -100 (base 2) to base 13.
-4
10202 (base 3) to base 12
85
5 (base 8) to base 11
5
What is -3 (base 6) in base 2?
-11
Convert -4 (base 16) to base 5.
-4
-1323 (base 5) to base 11
-184
What is -170 (base 9) in base 16?
-90
Convert 26 (base 7) to base 6.
32
What is -5 (base 9) in base 4?
-11
Convert 11001 (base 2) to base 14.
1b
What is -190 (base 12) in base 4?
-3330
What is c (base 13) in base 14?
c
Convert 1 (base 15) to base 2.
1
What is -2 (base 5) in base 16?
-2
Convert 2 (base 15) to base 4.
2
What is -24 (base 7) in base 15?
-13
Convert -3 (base 15) to base 12.
-3
-123 (base 8) to base 2
-1010011
What is 0 (base 6) in base 15?
0
Convert 12 (base 15) to base 6.
25
-110111 (base 3) to base 15
-177
124 (base 7) to base 16
43
What is -10 (base 2) in base 10?
-2
Convert 14 (base 12) to base 9.
17
-1b (base 14) to base 12
-21
What is 22 (base 8) in base 14?
14
Convert -3 (base 16) to base 8.
-3
Convert 21 (base 10) to base 13.
18
What is -25 (base 14) in base 5?
-113
What is -152 (base 8) in base 13?
-82
What is -4 (base 14) in base 9?
-4
-5 (base 16) to base 6
-5
What is -9 (base 15) in base 11?
-9
Convert 220 (base 10) to base 9.
264
Convert 22 (base 4) to base 6.
14
-11 (base 2) to base 12
-3
-3 (base 15) to base 2
-11
-2 (base 6) to base 15
-2
-5 (base 16) to base 2
-101
What is 4 (base 14) in base 2?
100
15b (base 13) to base 14
137
Convert -3a (base 16) to base 7.
-112
-12 (base 4) to base 3
-20
21 (base 6) to base 5
23
What is 2121 (base 3) in base 14?
50
-100110 (base 2) to base 10
-38
Convert -102 (base 4) to base 9.
-20
Convert -3 (base 15) to base 4.
-3
Convert -a (base 15) to base 5.
-20
What is 0 (base 2) in base 7?
0
Convert -1 (base 10) to base 15.
-1
What is 10011000 (base 2) in base 3?
12122
Convert 2 (base 12) to base 6.
2
What is -3 (base 14) in base 3?
-10
-3 (base 4) to base 5
-3
What is -3 (base 15) in base 16?
-3
Convert c (base 14) to base 5.
22
-7 (base 15) to base 4
-13
What is 375 (base 8) in base 10?
253
50 (base 8) to base 5
130
-35 (base 7) to base 3
-222
Convert 1 (base 11) to base 15.
1
Convert -1a8 (base 14) to base 3.
-110202
Convert 4 (base 14) to base 2.
100
What is -3c (base 14) in base 6?
-130
3 (base 12) to base 7
3
Convert -32 (base 15) to base 12.
-3b
What is -321 (base 4) in base 9?
-63
Convert 8c (base 15) to base 8.
204
Convert -100 (base 2) to base 13.
-4
15 (base 13) to base 12
16
What is -338 (base 9) in base 11?
-233
What is -175 (base 9) in base 4?
-2111
-114 (base 5) to base 14
-26
What is -a (base 15) in base 7?
-13
What is -11000 (base 2) in base 6?
-40
Convert -1 (base 2) to base 12.
-1
What is 0 (base 12) in base 7?
0
What is -44 (base 16) in base 7?
-125
4 (base 5) to base 8
4
4 (base 11) to base 12
4
1 (base 12) to base 14
1
-2020 (base 3) to base 5
-220
Convert 100 (base 2) to base 16.
4
Convert 340 (base 5) to base 3.
10112
1 (base 9) to base 3
1
Convert 101101010 (base 2) to base 3.
111102
What is -90 (base 10) in base 11?
-82
Convert 5 (base 8) to base 11.
5
-102 (base 12) to base 14
-a6
-10012 (base 3) to base 8
-126
What is -52 (base 12) in base 16?
-3e
What is 2e (base 16) in base 15?
31
-248 (base 9) to base 3
-21122
-10 (base 5) to base 2
-101
Convert 9 (base 10) to base 9.
10
What is 1100000 (base 2) in base 6?
240
What is -17 (base 9) in base 16?
-10
c8 (base 13) to base 9
202
What is 10331 (base 4) in base 5?
2232
-200 (base 5) to base 16
-32
-17 (base 8) to base 9
-16
What is -120 (base 4) in base 14?
-1a
Convert -23 (base 13) to base 6.
-45
Convert -10100010 (base 2) to base 16.
-a2
What is 10 (base 3) in base 15?
3
-3 (base 5) to base 3
-10
What is -1 (base 3) in base 11?
-1
-3 (base 14) to base 7
-3
Convert -2 (base 11) to base 12.
-2
Convert 102 (base 3) to base 8.
13
-2021 (base 3) to base 9
-67
-5 (base 7) to base 11
-5
Convert -21 (base 10) to base 7.
-30
2 (base 5) to base 8
2
Convert -1241 (base 5) to base 7.
-400
Convert -15 (base 9) to base 2.
-1110
Convert 6 (base 8) to base 7.
6
Convert -1 (base 3) to base 10.
-1
What is -18 (base 14) in base 12?
-1a
Convert 4 (base 16) to base 2.
100
-11 (base 5) to base 2
-110
Convert 4 (base 14) to base 13.
4
What is 230 (base 4) in base 12?
38
What is -6 (base 14) in base 15?
-6
Convert -274 (base 8) to base 14.
-d6
What is 1 (base 6) in base 3?
1
What is -54 (base 13) in base 2?
-1000101
Convert 17 (base 15) to base 4.
112
What is 1 (base 15) in base 9?
1
-200 (base 4) to base 6
-52
Convert -35 (base 6) to base 9.
-25
Convert -11 (base 7) to base 12.
-8
4 (base 14) to base 11
4
-102 (base 10) to base 9
-123
Convert 66 (base 10) to base 14.
4a
133 (base 4) to base 3
1011
What is 81 (base 14) in base 6?
305
-323 (base 4) to base 16
-3b
21 (base 13) to base 7
36
23 (base 4) to base 15
b
What is -303 (base 5) in base 12?
-66
Convert -2 (base 15) to base 16.
-2
1010110 (base 2) to base 16
56
14 (base 13) to base 9
18
0 (base 6) to base 11
0
Convert 1 (base 11) to base 2.
1
What is 60 (base 13) in base 8?
116
Convert 1021 (base 4) to base 5.
243
What is -19 (base 10) in base 2?
-10011
What is 1000 (base 4) in base 16?
40
What is 2a (base 15) in base 11?
37
Convert -a0 (base 14) to base 8.
-214
Convert 1a (base 12) to base 10.
22
What is 35 (base 10) in base 4?
203
What is 2 (base 8) in base 5?
2
What is 4 (base 15) in base 5?
4
Convert 0 (base 3) to base 7.
0
What is -1 (base 16) in base 9?
-1
Convert -1004 (base 5) to base 11.
-108
4 (base 16) to base 2
100
What is 161 (base 8) in base 16?
71
What is 1224 (base 6) in base 5?
2204
Convert 11c (base 16) to base 6.
1152
0 (base 16) to base 3
0
What is -100 (base 3) in base 13?
-9
Convert -54 (base 7) to base 6.
-103
Convert 5 (base 9) to base 2.
101
Convert 3 (base 6) to base 8.
3
Convert 19 (base 11) to base 9.
22
-102 (base 3) to base 14
-b
What is 2 (base 5) in base 14?
2
What is -64 (base 7) in base 4?
-232
-71 (base 8) to base 15
-3c
Convert 202 (base 3) to base 13.
17
11 (base 7) to base 3
22
12 (base 13) to base 8
17
1 (base 13) to base 9
1
-29 (base 11) to base 6
-51
What is 5 (base 15) in base 14?
5
What is 42 (base 14) in base 16?
3a
What is -139 (base 11) in base 15?
-ad
What